17510596.
8
What is the remainder when 209203 is divided by 1148?
267
What is the remainder when 533985 is divided by 6602?
5825
Calculate the remainder when 1255992 is divided by 104.
88
Calculate the remainder when 1658181 is divided by 207272.
5
Calculate the remainder when 475906 is divided by 11330.
46
What is the remainder when 19003850 is divided by 194?
192
Calculate the remainder when 10953426 is divided by 653.
4
Calculate the remainder when 145373 is divided by 195.
98
What is the remainder when 85851911 is divided by 106121?
22
What is the remainder when 264293 is divided by 3609?
836
Calculate the remainder when 817014 is divided by 83.
45
Calculate the remainder when 1714362 is divided by 827.
818
What is the remainder when 602089 is divided by 22299?
16
What is the remainder when 2973097 is divided by 6171?
4846
What is the remainder when 1302423 is divided by 813?
810
What is the remainder when 56111 is divided by 908?
723
Calculate the remainder when 37459098 is divided by 28.
26
Calculate the remainder when 559718 is divided by 1131.
1004
What is the remainder when 61935150 is divided by 1819?
19
Calculate the remainder when 59931 is divided by 812.
655
Calculate the remainder when 721355 is divided by 4478.
397
What is the remainder when 183172 is divided by 518?
318
Calculate the remainder when 523875 is divided by 4291.
373
What is the remainder when 1262758 is divided by 105227?
34
What is the remainder when 23863009 is divided by 11931479?
51
What is the remainder when 1934042 is divided by 966986?
70
Calculate the remainder when 283698 is divided by 25722.
756
What is the remainder when 1344776 is divided by 448253?
17
What is the remainder when 4875252 is divided by 2437597?
58
What is the remainder when 383324 is divided by 2175?
524
Calculate the remainder when 174186 is divided by 9065.
1951
Calculate the remainder when 1218769 is divided by 1505.
1224
Calculate the remainder when 487770 is divided by 300.
270
What is the remainder when 2874200 is divided by 319355?
5
What is the remainder when 2899809 is divided by 1449880?
49
Calculate the remainder when 2621453 is divided by 1535.
1208
What is the remainder when 1050265 is divided by 84?
13
What is the remainder when 4265597 is divided by 4734?
263
Calculate the remainder when 1089379 is divided by 890.
19
What is the remainder when 10039750 is divided by 1254966?
22
What is the remainder when 647642 is divided by 2381?
10
What is the remainder when 2713683 is divided by 2713636?
47
Calculate the remainder when 3215393787 is divided by 23.
20
What is the remainder when 56640589 is divided by 4993?
4990
Calculate the remainder when 25448685 is divided by 244.
217
Calculate the remainder when 209089119 is divided by 272.
271
Calculate the remainder when 902730 is divided by 622.
208
What is the remainder when 1429398 is divided by 102083?
236
What is the remainder when 986540 is divided by 7201?
3
What is the remainder when 49666626 is divided by 1846?
1842
What is the remainder when 27470 is divided by 144?
110
What is the remainder when 47841089 is divided by 2068?
2045
What is the remainder when 95152 is divided by 47515?
122
Calculate the remainder when 926519 is divided by 13828.
43
Calculate the remainder when 23853 is divided by 11870.
113
Calculate the remainder when 190941 is divided by 3032.
2957
What is the remainder when 2036039 is divided by 470?
469
Calculate the remainder when 143489513 is divided by 228.
221
Calculate the remainder when 1072846 is divided by 1899.
1810
Calculate the remainder when 5882314 is divided by 2941154.
6
What is the remainder when 628303 is divided by 15324?
19
Calculate the remainder when 2191795 is divided by 156.
151
What is the remainder when 66751 is divided by 9548?
9463
Calculate the remainder when 4078604 is divided by 3952.
140
Calculate the remainder when 367310 is divided by 7495.
55
What is the remainder when 21843 is divided by 2819?
2110
Calculate the remainder when 507888 is divided by 230.
48
What is the remainder when 23073423 is divided by 536591?
10
Calculate the remainder when 564909 is divided by 564878.
31
What is the remainder when 4791846 is divided by 14?
10
Calculate the remainder when 378121 is divided by 8045.
6
Calculate the remainder when 8660275 is divided by 1732020.
175
Calculate the remainder when 189109 is divided by 302.
57
What is the remainder when 71244806 is divided by 344?
342
What is the remainder when 687419 is divided by 171817?
151
What is the remainder when 627253 is divided by 1762?
1743
What is the remainder when 440854910 is divided by 7?
6
What is the remainder when 82194 is divided by 233?
178
What is the remainder when 3300585 is divided by 1100175?
60
Calculate the remainder when 24224935 is divided by 94.
7
What is the remainder when 1205213 is divided by 602604?
5
Calculate the remainder when 29269655 is divided by 2926959.
65
What is the remainder when 86051735 is divided by 72?
71
What is the remainder when 37792742 is divided by 85?
42
What is the remainder when 21494095 is divided by 54972?
43
Calculate the remainder when 174614 is divided by 245.
174
Calculate the remainder when 6885244 is divided by 1721308.
12
What is the remainder when 73944 is divided by 7376?
184
What is the remainder when 6837158 is divided by 1359?
29
What is the remainder when 33975 is divided by 10587?
2214
What is the remainder when 1929543 is divided by 243?
123
Calculate the remainder when 276949 is divided by 11071.
174
Calculate the remainder when 12079009 is divided by 65.
59
What is the remainder when 11988949 is divided by 16?
5
What is the remainder when 4822160 is divided by 1607383?
11
Calculate the remainder when 135357 is divided by 120.
117
What is the remainder when 3301903 is divided by 55964?
27
What is the remainder when 1308880549 is divided by 313?
311
Calculate the remainder when 80363553 is divided by 357.
354
Calculate the remainder when 388996 is divided by 1301.
1298
Calculate the remainder when 164163997 is divided by 5740.
5737
Calculate the remainder when 174704285 is divided by 305.
285
Calculate the remainder when 7741 is divided by 3673.
395
What is the remainder when 63796 is divided by 34?
12
Calculate the remainder when 228608222 is divided by 3234.
3230
Calculate the remainder when 31378 is divided by 15476.
426
Calculate the remainder when 18154859 is divided by 30.
29
What is the remainder when 765956 is divided by 765798?
158
What is the remainder when 12362607 is divided by 4120868?
3
Calculate the remainder when 47100904 is divided by 1629.
1627
Calculate the remainder when 37356829 is divided by 34147.
11
What is the remainder when 1697380 is divided by 67890?
130
Calculate the remainder when 4326920 is divided by 477.
53
Calculate the remainder when 972085904 is divided by 1719.
1718
What is the remainder when 255319 is divided by 19?
16
Calculate the remainder when 523427925 is divided by 238.
237
What is the remainder when 133328451 is divided by 21?
18
Calculate the remainder when 27627 is divided by 5137.
1942
Calculate the remainder when 1006006 is divided by 100598.
26
What is the remainder when 35328 is divided by 2196?
192
Calculate the remainder when 74661 is divided by 14926.
31
What is the remainder when 262342 is divided by 1338?
94
What is the remainder when 3853342 is divided by 2264?
14
What is the remainder when 457621 is divided by 50675?
1546
What is the remainder when 18956740 is divided by 4739182?
12
Calculate the remainder when 622544 is divided by 1710.
104
What is the remainder when 174264 is divided by 8877?
5601
Calculate the remainder when 35920775 is divided by 11973587.
14
What is the remainder when 348540 is divided by 31685?
5
Calculate the remainder when 418285672 is divided by 104571418.
0
What is the remainder when 566611 is divided by 94433?
13
Calculate the remainder when 104900968 is divided by 7.
4
Calculate the remainder when 68056187 is divided by 322541.
36
Calculate the remainder when 46122738 is divided by 11530681.
14
What is the remainder when 38028 is divided by 38019?
9
What is the remainder when 249565404 is divided by 1890647?
0
Calculate the remainder when 228830 is divided by 1.
0
What is the 